(u) be the second derivative of -19*u**4/12 + u**3/6 + 3*u**2/2 - 5*u. Let q be k(2). Let o = 99 + q. What is the tens digit of o?
2
Let m = -31 + 33. Suppose 0 = 4*z - 20, 5*z - 81 = m*j - 328. What is the units digit of j?
6
Let f(t) = 1456*t - 713. What is the units digit of f(4)?
1
Let d = 13 + -1. Suppose 15*l - 69 = d*l. What is the tens digit of l?
2
Let m = 197 - 109. Suppose -2*d + m = -180. What is the hundreds digit of d?
1
Let x be 3 + 1 - (-180 - (-28)/(-4)). Let q = 272 - x. What is the units digit of q?
1
Suppose -29*q + 32*q - 9 = 0. Suppose 371 = q*b + 4*l + 6, 4*b - 445 = 3*l. What is the hundreds digit of b?
1
Let a(m) = m**2 - 10*m - 5. Let d be a(11). Suppose 24 = -d*v + 3*v. Let q(o) = -o**2 - 12*o - 1. What is the units digit of q(v)?
1
Let a(i) = 3*i - 1. Let u = 24 + -23. Let y be a(u). Suppose -y*w = 4*n - n - 122, 2*n - 4*w - 92 = 0. What is the units digit of n?
2
What is the units digit of (-45358)/(-12) - -2*(-12)/(-144)?
0
Let j(b) = -b**2 + 11*b - 13. Let n be j(9). Suppose -3*d = -2*o + 46 + 38, -4*d + n*o = 105. What is the units digit of 3/d*6*-5?
3
Let i = 529 - -141. What is the units digit of i?
0
Suppose 3*t + 7 = -2*y - 1, 3*t + 20 = -5*y. Suppose 0*k + 4*d = -4*k + 1064, -3*d + 6 = t. Suppose -11*i = -15*i + k. What is the units digit of i?
6
Let q(c) = 6*c**2 + 21*c + 50. Let u(o) be the first derivative of o**3/3 + 2*o**2 + 10*o + 12. Let x(w) = 2*q(w) - 11*u(w). What is the units digit of x(5)?
5
Let d = 556 - 264. What is the units digit of d?
2
What is the units digit of (-4)/4 + (838 - 0 - -4)?
1
Suppose -2*c + 6922 = 4*d, -d = -c + 1238 + 2238. What is the units digit of c?
1
Suppose -4*r = -x - 31, -r + 11 = 5*x - 2. Suppose -4 = -4*h + r. Suppose i - 134 = -3*l + 3*i, -224 = -5*l + h*i. What is the units digit of l?
6
Let z(u) = 95*u**2 + 2*u - 34. What is the units digit of z(-6)?
4
Suppose 3*f = -4*d - 47, f + 32 = -4*d - 5. What is the tens digit of d*((-42)/28)/(6/94)?
8
Suppose -3*k + 72 = 3*r, 6*k = r + 9*k - 32. What is the units digit of r?
0
Let o = -19 - -16. Let v be 8*1/(o - -4). Suppose -v = 4*i + d - 87, -4*i + 3*d + 83 = 0. What is the tens digit of i?
2
Let f be (-13*3)/((-6)/18). Suppose 2*v - 10 = -2*o, -17 = -4*o - 2*v - v. Suppose -f = -5*a - o. What is the tens digit of a?
2
Suppose -35 = -5*s - 0*s. Let q(h) = 5*h - 26. What is the units digit of q(s)?
9
Let i = -3302 + 6504. What is the thousands digit of i?
3
Suppose 2*b + 10 = 0, l - b = -2*b + 503. What is the tens digit of l?
0
Let c be 3/(1 + (-28)/32). Let n = 39 - c. Let a = 18 + n. What is the units digit of a?
3
Suppose -13*z - 126 = -6*z. What is the hundreds digit of (-2)/z - (-31086)/162?
1
Suppose -3*v = -3*c - 6, 3*c - 14 = -4*v + c. Let q = v + 70. What is the tens digit of q?
7
Let l = 2794 + -1965. What is the tens digit of l?
2
Let j(a) be the first derivative of -a**4/4 + 2*a**3/3 + a**2/2 + 2*a - 5. Let b be j(4). Let l = b + 36. What is the tens digit of l?
1
Suppose -2*k + 0 = 10, -3*w - 4*k = 50. Let v = w + 13. Suppose -4*p + 45 = -v. What is the tens digit of p?
1
Let i(g) = 28*g + 857. What is the units digit of i(0)?
7
Let k(m) = 48*m + 2. Let u be k(1). Let t = u - -8. What is the units digit of t?
8
What is the tens digit of (-9)/(135/6) + 15534/10?
5
Suppose 8*k - 4*k = 612. What is the units digit of ((-132)/18)/((-6)/k)?
7
Suppose 2*g - 2 - 8 = 0. Let s = 45 + g. What is the tens digit of s?
5
Let z(h) = -h**2 + 13*h - 12. Let x(a) = -a + 1. Let f(m) = -3*x(m) - z(m). What is the tens digit of f(15)?
8
Let p be (28/6)/((-44)/(-5214)). Suppose 3 = -m, 5*m + p = 5*q + 28. What is the tens digit of q?
0
Let u be 10/2 + (-2197)/13. Let q = u - -413. What is the hundreds digit of q?
2
Suppose 6*c - 61 + 277 = 0. What is the hundreds digit of -1 + (-5624)/c - 6/27?
1
Let c(i) = -i**3 - 4*i**2 + 7*i + 15. Let s be c(-5). Suppose 5*b + 1251 = 4*t, 4*t - 5*t = -s*b - 324. What is the tens digit of t?
0
Let i = 36 - 33. Suppose -i + 25 = 2*d. What is the tens digit of d?
1
Suppose 2*q = 5*q - 18. Let d be (q/5)/(8/60). Suppose -m + d = -8. What is the units digit of m?
7
Suppose 35 = -o - 4*o. Let d(i) = i**2 + 2*i + 3. Let f be d(o). Let c = f - 25. What is the tens digit of c?
1
Let f(y) = y**2 + 23*y + 44. Let g be f(-21). What is the tens digit of (56/3)/g*3?
2
Let x = 1 + -1. Suppose q + 280 = 3*y - 0*y, -4*y - 3*q + 356 = x. What is the units digit of y?
2
Let l(y) = 8*y + 40. Let x be l(-17). Let u = x + 142. What is the tens digit of u?
4
Let p = -1108 - -2814. What is the hundreds digit of p?
7
Let d = -7 + 146. What is the units digit of d?
9
Let j(n) = 2*n**2 + 19*n + 39. Suppose 4*o - 8*o = 56. What is the tens digit of j(o)?
6
Suppose 5*x - 652 = 2433. What is the tens digit of x?
1
Let t(z) = -z**3 + 7*z**2 + 3*z - 2. Let u(v) = 2*v + 1. Let x be u(1). Suppose -x*m + 24 = -b, 0*b - b = 3*m - 18. What is the units digit of t(m)?
9
Suppose -k + 0 + 2 = 0. Suppose -4*n + 2*n = -8. Suppose 0*i - 30 = -k*i + 2*d, 2*i = -n*d + 18. What is the units digit of i?
3
Let i(q) = 477*q**2 - 10*q - 5. What is the tens digit of i(-2)?
2
Suppose 0 = -0*s + 7*s - 1848. What is the tens digit of s?
6
Let j = 131 + -131. Let u = -3 - -6. Suppose a + 45 - 6 = 2*n, j = -u*n + 4*a + 71. What is the units digit of n?
7
Suppose 4*k = -5*k + 45. Suppose 0 = -3*r - 2*b + b + 613, -1055 = -k*r + 5*b. What is the hundreds digit of r?
2
Suppose -4*c + 2*q + 0*q = 2, 4*c + 4*q - 16 = 0. Let h be (-104)/(-48) - c/6. Suppose -3*v = 3*k - 2*v - 57, h*k - 5*v = 38. What is the units digit of k?
9
Suppose -n = 5*n. Suppose n = -4*m + 52 + 16. What is the tens digit of m?
1
Let l(j) = j**2 - j - 1. Let g(o) = -o**2 - 11*o + 6. Let d be (6/(-18))/((-2)/(-6)). Let s(h) = d*g(h) - 2*l(h). What is the units digit of s(8)?
6
Let r = -70 - -274. Let v = -93 + r. What is the units digit of v?
1
Suppose 0 = 2*p + a - 12 + 107, 5*a - 175 = 3*p. Let b = 73 + p. Suppose q - b = 25. What is the tens digit of q?
4
Suppose 4*h = 2 + 2. What is the units digit of 3 - (h - -2) - -46?
6
Let p(c) = -c**2 + 13*c - 23. Let x be p(9). Suppose x*l - 295 = 8*l. What is the tens digit of l?
5
Let c = 17 - 10. Let h be (-3)/c + (-102)/(-42). What is the tens digit of (-66 - 6)*h/(-4)?
3
Let t be (1 + 0)*1 + 3. Suppose 75 = s - t*s. Let d = s + 39. What is the units digit of d?
4
Suppose -3*s - 4227 = -3*a, 1344 = a - 5*s - 69. What is the thousands digit of a?
1
What is the hundreds digit of 3/(-5) - 1548/(-5)?
3
Suppose -4*q = -1356 - 2312. What is the units digit of q?
7
Let v = 117 - 120. Let g(t) = 6*t**2 + 7*t + 10. What is the tens digit of g(v)?
4
Let m(q) = 16*q**3 + 4*q**2 - 3*q + 1. What is the hundreds digit of m(5)?
0
Let k = -32 + 106. Let n be k*(-2 - -1)*-1. Let o = -50 + n. What is the units digit of o?
4
Let x be 8/18*(-18)/(-4). Suppose -352 + 156 = -x*n. What is the tens digit of n?
9
Let x(v) = -3*v - 50. Let s be x(-18). Suppose s*p - 403 - 489 = 0. What is the hundreds digit of p?
2
Let t(w) = 3 + 52 + 63*w - 59*w. What is the units digit of t(17)?
3
Let u(t) = 29*t**2 - 7*t - 10. What is the hundreds digit of u(-3)?
2
Let z(m) be the second derivative of -2*m**5/5 + m**4/12 - m**3/3 - 3*m**2/2 - 5*m. Let v be z(-2). Suppose -v = -7*h + 4*h. What is the tens digit of h?
2
Suppose 0 = 2*f - 33 - 643. Let k be f/(-10) + (-2)/10. What is the tens digit of (-524)/(-10) + k/85?
5
Suppose 0 = -3*n - 4*u - 440, u = -1 - 4. Let i be (-1 - 2)*n/(-30). Let a = -7 - i. What is the units digit of a?
7
Let d(g) = -g**2 + 12*g - 12. Let z be d(11). Let w = z - -1. Suppose 0 = -2*o - w*o + 8. What is the units digit of o?
4
Suppose 26*g - 10480 = 10*g. What is the hundreds digit of g?
6
What is the units digit of (18*(2 - -7))/((-6)/(-105))?
5
Suppose 18*s = 20*s. Suppose s = -3*f - 14 + 149. What is the units digit of f?
5
Let o = 515 - 281. Suppose m + o = 3*a - m, m = 3. Suppose 4*l - a = -l. What is the tens digit of l?
1
Suppose 3*u = -4*n + 32, -4*n = -u - 3*u + 24. Suppose u = -p + 6*p - 2*f, 2*f = -5*p + 12. What is the units digit of p?
2
Let u = 4978 + -2577. What is the thousands digit of u?
2
Let o(p) = 9*p + 12. Let r(w) = -28*w - 36. Let v(s) = -16*o(s) - 5*r(s). Let t be v(-6). What is the tens digit of 2/t + 178/12?
1
